).
3
Let z(m) = -9*m**3 + 13*m**2 + 19*m - 9. Let c(t) be the first derivative of -t**4 + 2*t**3 + 9*t**2/2 - 4*t - 4. Let g(u) = -7*c(u) + 3*z(u). What is g(4)?
-7
Let u(o) = 3*o + 1 + 3*o - 5*o. Suppose -3*y = 16 - 67. Let f = -14 + y. Determine u(f).
4
Let z = 47 - 45. Let o(v) = -6*v + 3. What is o(z)?
-9
Let q(v) = 44 + v**3 - 43 + 6*v**2 - 3*v**2. What is q(-3)?
1
Let i = 36 + -32. Let r(a) = a**2 - 8*a + 1. Calculate r(i).
-15
Let v be (2 - 17)*2/(-5). Let y(t) = -89*t + 9 + 173*t - 87*t. What is y(v)?
-9
Let b(m) = m**2 - 4*m - 3. Suppose -8*y = -69 + 21. Determine b(y).
9
Let h be (-4)/2 - (2 - 6). Let q(n) = 3*n - n + 0*n - n - 2. What is q(h)?
0
Let r(m) = m**2 - 5*m + 2. Let z be r(5). Let p(x) = -3 + 4 + z + x. Let f(i) = i + 2. Let s be f(-2). Give p(s).
3
Let r = 25 - 20. Suppose -3*h = 5 + 1. Let y = h + r. Let a(p) = p**2 - 2*p - 3. Calculate a(y).
0
Let g be 0/1 - (-6)/3. Let c(s) = -s**3 - 2 + s + 4*s**2 - 3*s**g + 3. Calculate c(-1).
2
Let x(l) be the second derivative of l**4/2 - 5*l**3/3 + 5*l**2/2 + 7*l. Let h(t) = -5*t**2 + 9*t - 5. Let q(u) = -5*h(u) - 4*x(u). What is q(5)?
5
Let i(q) be the second derivative of q**8/6720 + q**7/2520 - q**6/180 - q**5/40 + q**4/4 + 2*q. Let m(j) be the third derivative of i(j). Calculate m(-2).
1
Let k(p) = -p - 4. Suppose -g + 14 = 4*m - 11, -3*m + 15 = 0. Let o be g/(-2) - 2/4. What is k(o)?
-1
Suppose 0 = y - 5, 2*m - 3*y + 8 - 1 = 0. Let v(w) = 5*w**2 + 4 + 14 - 17 - 4*w - w**3. Determine v(m).
1
Let m(o) = o**2 + 3*o - 5. Suppose 0 = 3*w + 12. Calculate m(w).
-1
Suppose 4 = -5*a + 29. Suppose -6*m = -2*m + 4*u - 24, 0 = -5*m + u. Let r(z) = z + a - 2 - m. Calculate r(-2).
0
Let g(m) = -m**3 + 4*m**2 + 4*m - 5. Suppose 3*o + 2*l - 3 = -1, 5*o = -4*l. Give g(o).
11
Suppose -k + 3 = 8. Suppose 3*s - m - 29 = -4, -3*s + 13 = 2*m. Let t(u) = 3*u**2 - s*u**2 - 7 - u**3 - u**2. Determine t(k).
-7
Let w(b) = b**3 - 2*b**2 + 2. Let z(k) = -2*k**3 + 3*k**2 + k - 3. Let a(s) = 5*w(s) + 3*z(s). Calculate a(-2).
-1
Let y(c) be the second derivative of -c**3/6 - 2*c**2 - 3*c. Let r(d) = 4*d + 15. Let b(f) = 2*r(f) + 9*y(f). Calculate b(0).
-6
Let o(t) be the first derivative of t**3/3 - 7*t**2/2 + 5*t - 12. Calculate o(6).
-1
Suppose -3*d - 12 = z, 5*z + 2*d + 20 + 14 = 0. Let b(k) = k**2 + 7*k + 8. What is b(z)?
2
Let f(w) = 7*w + w + 6*w - 3*w. Give f(2).
22
Let s(l) = -l - 1. Let o(m) = m**3 + 4*m**2 - m - 7. Let n be o(-4). Calculate s(n).
2
Let x(m) = m - 9. Let k be x(12). Let o(g) = -5*g**2 - 5*g + 5*g + g**3 + k. Suppose -5 = -2*h + 5. What is o(h)?
3
Let j be (-6 - -3)/(-1*1). Let o(d) = -d**2 + 4*d**3 + j + 3*d**2 - d - 4 - d**2. Calculate o(-1).
-3
Let x(c) = c**3 + c**2 - 4*c + 1. Let k(i) = 0*i**3 - 2 - 6*i**2 - 8 - 2*i**3 - 6*i + 3*i**3. Let f be (-2 + -10 + -2)/(-2). Let g be k(f). Determine x(g).
-5
Let m(x) = x**2 + x - 3. Let h(c) be the first derivative of -c**3/3 + 7*c**2/2 - 3*c + 1. Let t be h(7). Determine m(t).
3
Let v = -23 - -54. Suppose 2*c = -5*z + v, 4 - 2 = 2*z. Suppose -k + 5*d - 7 = 2*d, -c = 3*k - 5*d. Let p(j) = j + 2. Give p(k).
1
Let i be 0*(-2)/4 - -2. Let a(j) be the second derivative of j**3/2 - j**2/2 + 6*j. Determine a(i).
5
Let v(s) = -2*s**2 - 3*s - 3. Suppose 3*p - 7 = 4*p - 5*l, -3*l = 3*p + 3. Determine v(p).
-5
Let f(x) be the second derivative of -x**5/20 + 2*x**4/3 - 7*x**3/6 - 7*x**2/2 + 2*x. Suppose r = 5*j - 3, 2*j = r - 3*r + 18. Give f(r).
-7
Let d be 2/(-3)*15/10. Let u(c) = 3*c**2 + c**2 - c**3 - c**2 - 4*c**2. Calculate u(d).
0
Let c(o) = 4*o**3 + 5*o**3 + 3*o**2 - 4*o**2. Suppose -z - 19 = -4*p - 3, p - 5*z = 4. Suppose -p*k = -6*k + 2. What is c(k)?
8
Let u(b) = b**2. Let c be u(0). Suppose -x - 28 = 5*y, c = -4*y + 3*x - 8*x - 14. Let t(w) = w**2 + 7*w + 7. What is t(y)?
1
Let a be 2 + 0 - 3 - -8. Let b = a - 10. Let f = 0 + b. Let x(p) = p**2 + 5*p + 4. What is x(f)?
-2
Let k(n) be the first derivative of n**3/3 + 3*n**2/2 + 5*n + 18. Suppose 4 = 3*b + 5*c + 1, -c = -2*b - 11. Determine k(b).
9
Let p(z) = z**3 + 2*z**2 - 5*z - 3. Suppose -7 - 3 = -5*m. Suppose 0 = 3*a + m*a. Suppose -4*g - 2*f = 20, a*f - f = -3*g - 5. Determine p(g).
3
Suppose 4 + 1 = f. Let u = f + -3. Let h(r) = -4 + 0*r**2 + 5*r + 1 + r**u - 2*r**2. What is h(2)?
3
Let i(p) = p - 5. Suppose -2*w = -3*c + 25, 0 = c - 0*c - 2*w - 7. Give i(c).
4
Let b(p) = -4*p**2 - 4*p - 11. Let l(w) = -3*w**2 - 3*w - 11. Let x(v) = -4*b(v) + 5*l(v). Calculate x(0).
-11
Let j(w) = -3*w - 4. Let a(g) = g**3 + 5*g**2 + 3*g. Let y be a(-4). Suppose -4*m - 4*s + 4 = 0, 10 + 6 = y*s. What is j(m)?
5
Let n = -2 - -2. Suppose 3*u + n - 6 = 0. Let f(x) = 4*x. Give f(u).
8
Let p(o) = 3*o + 3. Let z = -65 + 62. Determine p(z).
-6
Let h = 2 - 5. Let r(z) = -47*z**2 - 43*z**2 + 1 - z + 91*z**2. Give r(h).
13
Let h(y) be the second derivative of y**4/6 - 2*y**3/3 + y. Let g(f) be the first derivative of f**3/3 - 11*f**2/2 + 3*f + 4. Let v be g(11). Give h(v).
6
Let o = 2 - 0. Let f = -1 + 3. Let v(d) = -o - 3 + d - f*d. What is v(-3)?
-2
Let w(a) be the third derivative of a**4/24 + a**3/2 - 13*a**2. What is w(7)?
10
Let h = -4 + 6. Let g(s) = -5 - 3*s + 2*s + 2 + h. What is g(1)?
-2
Let y(n) = n**2 + 13*n + 12. Let v(o) = -o**3 - 10*o**2 - o - 21. Let s be v(-10). What is y(s)?
-10
Let m(z) = -4*z**2 + 1. Suppose -3*c + 2 = -7. Suppose c = 4*x - 7*x. What is m(x)?
-3
Let p(k) be the second derivative of -k**5/20 + k**4/3 - k**3/6 + k**2 + k. Let u = -102 - -105. Calculate p(u).
8
Let d(b) = -b**2 + 7*b + 1. Let i(h) = 0*h - 7*h**2 + 3*h**2 + 29*h + 5. Let s(z) = -9*d(z) + 2*i(z). Let x = -31 - -36. Calculate s(x).
1
Suppose 3*l = 6, -2*u - 4*l - 4 = u. Let s be (-2)/(-2)*(-8)/u. Let w(t) = 5*t + 0*t**s + t**2 - 2*t**2 - 2. Calculate w(2).
4
Suppose 11 = -2*z + 1. Let y(v) = -v - 9. Calculate y(z).
-4
Let j(t) = -t + 13. Let p be j(11). Suppose -5*q + 3*c + 26 = 0, p*c = -2*q + 3 + 1. Let s(z) = 3*z**2 - 2*z + q + 2 - 5 + 0. Calculate s(1).
2
Let k(o) = -6*o**2 - 3 - 3*o**2 + 4. Let w(m) = -m + 4. Let u be w(4). Let l be (-2)/((-4)/(-2) - u). Give k(l).
-8
Let b(f) = f**2 + 5*f - 5. Let z be 111/15 - (-8)/(-20). Suppose 2*m - 4*m = 4*s - 2, 4*s = -5*m - z. Suppose 14 = -4*v - 3*r, 0 = s*r - 0*r - 4. What is b(v)?
-5
Let u(a) = -a - 10. Suppose 7 = 32*y - 33*y. Calculate u(y).
-3
Let v(r) be the third derivative of 1/60*r**5 - 1/24*r**4 + 0 - 5/6*r**3 + 0*r - 8*r**2. What is v(4)?
7
Let s be 3 - (-1 + 2 - 1). Suppose s*w + 7 = -2. Let v(i) = i**3 + 3*i**2 + 2*i. Calculate v(w).
-6
Let r(j) be the second derivative of -2*j**3/3 - j**2/2 + 2*j. Calculate r(-1).
3
Let j(g) = -g + 8. Let a(n) = -2*n + 9. Let d(i) = -2*a(i) + 3*j(i). What is d(-5)?
1
Let s(d) = d**3 + 3*d**2 - 4*d + 5. Suppose 2 - 12 = -2*m, w - 2*m + 6 = 0. Suppose -26 = -p - w. Suppose 4 = 4*l + y + p, -5*l - 26 = 3*y. Calculate s(l).
5
Let a(x) = x**2 - 3*x. Let r(c) = -c**2 + 3*c. Let m be r(4). Suppose -12 = -3*y + y. Let n = y + m. Give a(n).
-2
Let l = -5 - -3. Let v(i) be the second derivative of i**5/20 + i**4/6 + i**3/3 + 3*i**2/2 + i. Let p(w) be the first derivative of v(w). What is p(l)?
6
Let s(d) = -d - 4. Let b = 6 + -2. Let x = 11 - b. Suppose -o + x = j, 0 = -j - 0*j - 5*o + 15. Determine s(j).
-9
Let j(t) be the first derivative of 2*t**2 - 9 + 1/3*t**3 + 5*t. Give j(-4).
5
Let v(p) = 6*p**2 + 5*p + 2. Let d(k) = -7*k**2 - 6*k - 1. Let b(j) = -5*d(j) - 6*v(j). Determine b(0).
-7
Let r = -1 + 1. Let f = 6 - 1. Let y(l) = 8 + 3*l**2 - 4*l**2 - 6*l**3 + f*l**3 + 2*l - l. Determine y(r).
8
Let r(t) be the second derivative of -t**5/20 - 5*t**4/12 + 7*t. Calculate r(-5).
0
Let k(h) = -h + 2 + h**3 + 3*h**2 + 2 - h + 0. Determine k(-3).
10
Let b(x) = x**3 + 3*x**2 - 5*x**2 - 3*x**3 + x**2 + x. Suppose 0 = 2*a + 4. Let j = a - 0. Calculate b(j).
10
Let i(d) = -d**3 - 1. Let p(a) = 5*a**3 + 6*a**2 - a - 4. Let l(n) = -4*i(n) - p(n). Calculate l(-6).
2
Let q(n) = -n**2 - 1. Let i(j) = 9*j**2 + j + 5. Let c(d) = i(d) + 5*q(d). Determine c(-1).
3
Let x(p) be the second derivative of 1/6*p**3 + 2*p + 0 + 5/2*p**2. Calculate x(0).
5
Let j(h) = 9*h + 48*h**2 - 49*h**2 - 2 - 4*h. Calculate j(4).
2
Let n(c) = -c**3 + 3*c**2 + 4*c + 3. Suppose 3*a - 2*a - 4 = 0. Suppose -a*d - 2*q + 24 = 0, -16 = -2*d - 2*q - 0*q. Calculate n(